{"id":80941,"date":"2024-01-29T12:43:41","date_gmt":"2024-01-29T12:43:41","guid":{"rendered":"https:\/\/activeluxe-cosmetics.com\/rs\/?page_id=80941"},"modified":"2024-02-13T13:24:53","modified_gmt":"2024-02-13T12:24:53","slug":"cijene-i-nacini-placanja","status":"publish","type":"page","link":"https:\/\/activeluxe-cosmetics.com\/rs\/cijene-i-nacini-placanja\/","title":{"rendered":"Cene i na\u010dini pla\u0107anja"},"content":{"rendered":"\n\t<section class=\"section al-page-title-section\" id=\"section_1557864203\">\n\t\t<div class=\"bg section-bg fill bg-fill  bg-loaded\" >\n\n\t\t\t\n\t\t\t\n\t\t\t\n\n\t\t<\/div>\n\n\t\t\n\n\t\t<div class=\"section-content relative\">\n\t\t\t\n\n<div class=\"row\"  id=\"row-2113151373\">\n\n\n\t<div id=\"col-1013406678\" class=\"col small-12 large-12\"  >\n\t\t\t\t<div class=\"col-inner\"  >\n\t\t\t\n\t\t\t\n\n\t<div id=\"text-985890601\" class=\"text al-p-48\">\n\t\t\n\n<h2>Cene i na\u010dini pla\u0107anja<\/h2>\n\t\t\n<style>\n#text-985890601 {\n  text-align: center;\n}\n<\/style>\n\t<\/div>\n\t\n\n\t\t<\/div>\n\t\t\t\t\t<\/div>\n\n\t\n\n<\/div>\n\n\t\t<\/div>\n\n\t\t\n<style>\n#section_1557864203 {\n  padding-top: 50px;\n  padding-bottom: 50px;\n}\n<\/style>\n\t<\/section>\n\t\n\t<section class=\"section\" id=\"section_1146506563\">\n\t\t<div class=\"bg section-bg fill bg-fill  bg-loaded\" >\n\n\t\t\t\n\t\t\t\n\t\t\t\n\n\t\t<\/div>\n\n\t\t\n\n\t\t<div class=\"section-content relative\">\n\t\t\t\n\n<div class=\"row\"  id=\"row-356386229\">\n\n\n\t<div id=\"col-1871609070\" class=\"col small-12 large-12\"  >\n\t\t\t\t<div class=\"col-inner\"  >\n\t\t\t\n\t\t\t\n\n\t<div id=\"text-3265483420\" class=\"text al-p-16\">\n\t\t\n\n<p>Cene se odnose na sve kupovine putem veb-stranice i ve\u0107 uklju\u010duju odre\u0111ene popuste, koji su podlo\u017eni promenama.<\/p>\n<p>Mogu\u0107nost onlajn-pla\u0107anja:<\/p>\n<ul>\n<li>uplatom na ra\u010dun kompanije Medilip d.o.o. (nakon ponude\/predra\u010duna)<\/li>\n<li>pla\u0107anje pouze\u0107em.<\/li>\n<\/ul>\n<p>Va\u017ee\u0107a cena proizvoda je ona objavljena na dan poru\u010divanja. Tro\u0161kovi dostave se obra\u010dunavaju prema cenovniku BEX-a. U slu\u010daju da vrednost pojedina\u010dne porud\u017ebine prelazi 5500RSD, dostava je besplatna. Ponuda i cene va\u017ee dok se ne potro\u0161e zalihe, odnosno do pismenog otkazivanja porud\u017ebine. Sve cene uklju\u010duju PDV. Sva roba podlije\u017ee poreskoj stopi od 25%. Slike su simboli\u010dne i ne odra\u017eavaju uvek stvarnu situaciju. Zadr\u017eavamo pravo na promene ili gre\u0161ke na veb-stranici i u drugim oglasima bez prethodne najave. U slu\u010daju da iz bilo kog razloga niste zadovoljni kupljenom robom, morate je vratiti u roku od 15 dana od dana prijema po\u0161iljke u skladu sa Zakonom o za\u0161titi potro\u0161a\u010da, pri \u010demu ne morate navesti razlog.<\/p>\n<p>Za\u0161tita li\u010dnih podataka Prodavac se obavezuje da \u0107e trajno \u0161tititi sve li\u010dne podatke korisnika. Prodavac \u010duva slede\u0107e podatke \u010dlanova koji su se prijavili za primanje onlajn obave\u0161tenja na neodre\u0111eno vreme: ime i prezime, adresa e-po\u0161te. Prodavac \u0107e koristiti li\u010dne podatke isklju\u010divo u svrhu slanja onlajn obave\u0161tenja. Ni pod kojim okolnostima se podaci korisnika ne smeju prosle\u0111ivati neovla\u0161\u0107enim licima. Korisnik je i sam odgovoran i za za\u0161titu li\u010dnih podataka, tako \u0161to \u0107e obezbediti sigurno svog korisni\u010dko ime i lozinku i za\u0161titi svoj ra\u010dunar odgovaraju\u0107im programom (antivirus).<\/p>\n<p>Tu\u017ebe i sporovi Prodavac se pridr\u017eava postoje\u0107ih zakona o za\u0161titi potro\u0161a\u010da. Prodavac na sve mogu\u0107e na\u010dine nastoji da ispuni svoje obaveze i uspostavi efikasan sistem re\u0161avanja reklamacija i odredi osobu sa kojom, u slu\u010daju problema, kupac mo\u017ee kontaktirati telefonom ili putem e-po\u0161te. Reklamacije se podnose na adresu e-po\u0161te podrska@derma-luxecosmetics.com. \u017dalbeni postupak je poverljiv. Ponu\u0111a\u010d je svestan da je klju\u010dna karakteristika potro\u0161a\u010dkog spora, barem \u0161to se ti\u010de sudskog re\u0161avanja predmeta, nesrazmeran odnos izme\u0111u ekonomske vrednosti potra\u017eivanja i tro\u0161kova nastalih tokom re\u0161avanja samog spora. To je tako\u0111e jedna od glavnih prepreka za potro\u0161a\u010da da donese odluku o pokretanju pravnog postupka. Stoga \u0107e ponu\u0111a\u010d savesno ulo\u017eiti sve napore da eventualne sporove re\u0161i mirnim putem.<\/p>\n<p>Mi\u0161ljenje, predlozi Va\u0161i predlozi i komentari su dobrodo\u0161li. Mo\u017eete nam pisati na adresu e-po\u0161te: <a href=\"mailto:podrska@active-luxecosmetics.com\">podrska@activeluxe-cosmetics.com<\/a><\/p>\n<p>Svako mi\u0161ljenje nam puno zna\u010di i na tome vam se iskreno zahvaljujemo!<\/p>\n\t\t\t<\/div>\n\t\n\n\t\t<\/div>\n\t\t\t\t\t<\/div>\n\n\t\n\n<\/div>\n\n\t\t<\/div>\n\n\t\t\n<style>\n#section_1146506563 {\n  padding-top: 30px;\n  padding-bottom: 30px;\n}\n<\/style>\n\t<\/section>\n\t\n\n","protected":false},"excerpt":{"rendered":"","protected":false},"author":6,"featured_media":0,"parent":0,"menu_order":0,"comment_status":"closed","ping_status":"closed","template":"","meta":{"footnotes":""},"class_list":["post-80941","page","type-page","status-publish","hentry"],"acf":[],"yoast_head":"<!-- This site is optimized with the Yoast SEO plugin v26.5 - https:\/\/yoast.com\/wordpress\/plugins\/seo\/ -->\n<title>Cene i na\u010dini pla\u0107anja - Active Luxe Cosmetics<\/title>\n<meta name=\"robots\" content=\"index, follow, max-snippet:-1, max-image-preview:large, max-video-preview:-1\" \/>\n<link rel=\"canonical\" href=\"https:\/\/activeluxe-cosmetics.com\/rs\/cijene-i-nacini-placanja\/\" \/>\n<meta property=\"og:locale\" content=\"hr_HR\" \/>\n<meta property=\"og:type\" content=\"article\" \/>\n<meta property=\"og:title\" content=\"Cene i na\u010dini pla\u0107anja - Active Luxe Cosmetics\" \/>\n<meta property=\"og:url\" content=\"https:\/\/activeluxe-cosmetics.com\/rs\/cijene-i-nacini-placanja\/\" \/>\n<meta property=\"og:site_name\" content=\"Active Luxe Cosmetics\" \/>\n<meta property=\"article:modified_time\" content=\"2024-02-13T12:24:53+00:00\" \/>\n<meta name=\"twitter:card\" content=\"summary_large_image\" \/>\n<script type=\"application\/ld+json\" class=\"yoast-schema-graph\">{\"@context\":\"https:\/\/schema.org\",\"@graph\":[{\"@type\":\"WebPage\",\"@id\":\"https:\/\/activeluxe-cosmetics.com\/rs\/cijene-i-nacini-placanja\/\",\"url\":\"https:\/\/activeluxe-cosmetics.com\/rs\/cijene-i-nacini-placanja\/\",\"name\":\"Cene i na\u010dini pla\u0107anja - Active Luxe Cosmetics\",\"isPartOf\":{\"@id\":\"https:\/\/activeluxe-cosmetics.com\/rs\/#website\"},\"datePublished\":\"2024-01-29T12:43:41+00:00\",\"dateModified\":\"2024-02-13T12:24:53+00:00\",\"breadcrumb\":{\"@id\":\"https:\/\/activeluxe-cosmetics.com\/rs\/cijene-i-nacini-placanja\/#breadcrumb\"},\"inLanguage\":\"hr\",\"potentialAction\":[{\"@type\":\"ReadAction\",\"target\":[\"https:\/\/activeluxe-cosmetics.com\/rs\/cijene-i-nacini-placanja\/\"]}]},{\"@type\":\"BreadcrumbList\",\"@id\":\"https:\/\/activeluxe-cosmetics.com\/rs\/cijene-i-nacini-placanja\/#breadcrumb\",\"itemListElement\":[{\"@type\":\"ListItem\",\"position\":1,\"name\":\"Naslovnica\",\"item\":\"https:\/\/activeluxe-cosmetics.com\/rs\/\"},{\"@type\":\"ListItem\",\"position\":2,\"name\":\"Cene i na\u010dini pla\u0107anja\"}]},{\"@type\":\"WebSite\",\"@id\":\"https:\/\/activeluxe-cosmetics.com\/rs\/#website\",\"url\":\"https:\/\/activeluxe-cosmetics.com\/rs\/\",\"name\":\"Active Luxe Cosmetics\",\"description\":\"\",\"potentialAction\":[{\"@type\":\"SearchAction\",\"target\":{\"@type\":\"EntryPoint\",\"urlTemplate\":\"https:\/\/activeluxe-cosmetics.com\/rs\/?s={search_term_string}\"},\"query-input\":{\"@type\":\"PropertyValueSpecification\",\"valueRequired\":true,\"valueName\":\"search_term_string\"}}],\"inLanguage\":\"hr\"}]}<\/script>\n<!-- \/ Yoast SEO plugin. -->","yoast_head_json":{"title":"Cene i na\u010dini pla\u0107anja - Active Luxe Cosmetics","robots":{"index":"index","follow":"follow","max-snippet":"max-snippet:-1","max-image-preview":"max-image-preview:large","max-video-preview":"max-video-preview:-1"},"canonical":"https:\/\/activeluxe-cosmetics.com\/rs\/cijene-i-nacini-placanja\/","og_locale":"hr_HR","og_type":"article","og_title":"Cene i na\u010dini pla\u0107anja - Active Luxe Cosmetics","og_url":"https:\/\/activeluxe-cosmetics.com\/rs\/cijene-i-nacini-placanja\/","og_site_name":"Active Luxe Cosmetics","article_modified_time":"2024-02-13T12:24:53+00:00","twitter_card":"summary_large_image","schema":{"@context":"https:\/\/schema.org","@graph":[{"@type":"WebPage","@id":"https:\/\/activeluxe-cosmetics.com\/rs\/cijene-i-nacini-placanja\/","url":"https:\/\/activeluxe-cosmetics.com\/rs\/cijene-i-nacini-placanja\/","name":"Cene i na\u010dini pla\u0107anja - Active Luxe Cosmetics","isPartOf":{"@id":"https:\/\/activeluxe-cosmetics.com\/rs\/#website"},"datePublished":"2024-01-29T12:43:41+00:00","dateModified":"2024-02-13T12:24:53+00:00","breadcrumb":{"@id":"https:\/\/activeluxe-cosmetics.com\/rs\/cijene-i-nacini-placanja\/#breadcrumb"},"inLanguage":"hr","potentialAction":[{"@type":"ReadAction","target":["https:\/\/activeluxe-cosmetics.com\/rs\/cijene-i-nacini-placanja\/"]}]},{"@type":"BreadcrumbList","@id":"https:\/\/activeluxe-cosmetics.com\/rs\/cijene-i-nacini-placanja\/#breadcrumb","itemListElement":[{"@type":"ListItem","position":1,"name":"Naslovnica","item":"https:\/\/activeluxe-cosmetics.com\/rs\/"},{"@type":"ListItem","position":2,"name":"Cene i na\u010dini pla\u0107anja"}]},{"@type":"WebSite","@id":"https:\/\/activeluxe-cosmetics.com\/rs\/#website","url":"https:\/\/activeluxe-cosmetics.com\/rs\/","name":"Active Luxe Cosmetics","description":"","potentialAction":[{"@type":"SearchAction","target":{"@type":"EntryPoint","urlTemplate":"https:\/\/activeluxe-cosmetics.com\/rs\/?s={search_term_string}"},"query-input":{"@type":"PropertyValueSpecification","valueRequired":true,"valueName":"search_term_string"}}],"inLanguage":"hr"}]}},"_links":{"self":[{"href":"https:\/\/activeluxe-cosmetics.com\/rs\/wp-json\/wp\/v2\/pages\/80941","targetHints":{"allow":["GET"]}}],"collection":[{"href":"https:\/\/activeluxe-cosmetics.com\/rs\/wp-json\/wp\/v2\/pages"}],"about":[{"href":"https:\/\/activeluxe-cosmetics.com\/rs\/wp-json\/wp\/v2\/types\/page"}],"author":[{"embeddable":true,"href":"https:\/\/activeluxe-cosmetics.com\/rs\/wp-json\/wp\/v2\/users\/6"}],"replies":[{"embeddable":true,"href":"https:\/\/activeluxe-cosmetics.com\/rs\/wp-json\/wp\/v2\/comments?post=80941"}],"version-history":[{"count":7,"href":"https:\/\/activeluxe-cosmetics.com\/rs\/wp-json\/wp\/v2\/pages\/80941\/revisions"}],"predecessor-version":[{"id":81647,"href":"https:\/\/activeluxe-cosmetics.com\/rs\/wp-json\/wp\/v2\/pages\/80941\/revisions\/81647"}],"wp:attachment":[{"href":"https:\/\/activeluxe-cosmetics.com\/rs\/wp-json\/wp\/v2\/media?parent=80941"}],"curies":[{"name":"wp","href":"https:\/\/api.w.org\/{rel}","templated":true}]}}

Cene i načini plaćanja

<section class="section al-page-title-section" id="section_1557864203">
		<div class="bg section-bg fill bg-fill  bg-loaded" >

			
			
			

		</div>

		

		<div class="section-content relative">
			

<div class="row"  id="row-2113151373">


	<div id="col-1013406678" class="col small-12 large-12"  >
				<div class="col-inner"  >
			
			

	<div id="text-985890601" class="text al-p-48">
		

<h2>Cene i načini plaćanja</h2>
		
<style>
#text-985890601 {
  text-align: center;
}
</style>
	</div>
	

		</div>
					</div>

	

</div>

		</div>

		
<style>
#section_1557864203 {
  padding-top: 50px;
  padding-bottom: 50px;
}
</style>
	</section>
	
	<section class="section" id="section_1146506563">
		<div class="bg section-bg fill bg-fill  bg-loaded" >

			
			
			

		</div>

		

		<div class="section-content relative">
			

<div class="row"  id="row-356386229">


	<div id="col-1871609070" class="col small-12 large-12"  >
				<div class="col-inner"  >
			
			

	<div id="text-3265483420" class="text al-p-16">
		

<p>Cene se odnose na sve kupovine putem veb-stranice i već uključuju određene popuste, koji su podložni promenama.</p>
<p>Mogućnost onlajn-plaćanja:</p>
<ul>
<li>uplatom na račun kompanije Medilip d.o.o. (nakon ponude/predračuna)</li>
<li>plaćanje pouzećem.</li>
</ul>
<p>Važeća cena proizvoda je ona objavljena na dan poručivanja. Troškovi dostave se obračunavaju prema cenovniku BEX-a. U slučaju da vrednost pojedinačne porudžbine prelazi 5500RSD, dostava je besplatna. Ponuda i cene važe dok se ne potroše zalihe, odnosno do pismenog otkazivanja porudžbine. Sve cene uključuju PDV. Sva roba podliježe poreskoj stopi od 25%. Slike su simbolične i ne odražavaju uvek stvarnu situaciju. Zadržavamo pravo na promene ili greške na veb-stranici i u drugim oglasima bez prethodne najave. U slučaju da iz bilo kog razloga niste zadovoljni kupljenom robom, morate je vratiti u roku od 15 dana od dana prijema pošiljke u skladu sa Zakonom o zaštiti potrošača, pri čemu ne morate navesti razlog.</p>
<p>Zaštita ličnih podataka Prodavac se obavezuje da će trajno štititi sve lične podatke korisnika. Prodavac čuva sledeće podatke članova koji su se prijavili za primanje onlajn obaveštenja na neodređeno vreme: ime i prezime, adresa e-pošte. Prodavac će koristiti lične podatke isključivo u svrhu slanja onlajn obaveštenja. Ni pod kojim okolnostima se podaci korisnika ne smeju prosleđivati neovlašćenim licima. Korisnik je i sam odgovoran i za zaštitu ličnih podataka, tako što će obezbediti sigurno svog korisničko ime i lozinku i zaštiti svoj računar odgovarajućim programom (antivirus).</p>
<p>Tužbe i sporovi Prodavac se pridržava postojećih zakona o zaštiti potrošača. Prodavac na sve moguće načine nastoji da ispuni svoje obaveze i uspostavi efikasan sistem rešavanja reklamacija i odredi osobu sa kojom, u slučaju problema, kupac može kontaktirati telefonom ili putem e-pošte. Reklamacije se podnose na adresu e-pošte podrska@derma-luxecosmetics.com. Žalbeni postupak je poverljiv. Ponuđač je svestan da je ključna karakteristika potrošačkog spora, barem što se tiče sudskog rešavanja predmeta, nesrazmeran odnos između ekonomske vrednosti potraživanja i troškova nastalih tokom rešavanja samog spora. To je takođe jedna od glavnih prepreka za potrošača da donese odluku o pokretanju pravnog postupka. Stoga će ponuđač savesno uložiti sve napore da eventualne sporove reši mirnim putem.</p>
<p>Mišljenje, predlozi Vaši predlozi i komentari su dobrodošli. Možete nam pisati na adresu e-pošte: <a href="mailto:podrska@active-luxecosmetics.com">podrska@activeluxe-cosmetics.com</a></p>
<p>Svako mišljenje nam puno znači i na tome vam se iskreno zahvaljujemo!</p>
			</div>
	

		</div>
					</div>

	

</div>

		</div>

		
<style>
#section_1146506563 {
  padding-top: 30px;
  padding-bottom: 30px;
}
</style>
	</section>

<!-- This site is optimized with the Yoast SEO plugin v26.5 - https://yoast.com/wordpress/plugins/seo/ -->
<title>Cene i načini plaćanja - Active Luxe Cosmetics</title>
<meta name="robots" content="index, follow, max-snippet:-1, max-image-preview:large, max-video-preview:-1" />
<link rel="canonical" href="https://activeluxe-cosmetics.com/rs/cijene-i-nacini-placanja/" />
<meta property="og:locale" content="hr_HR" />
<meta property="og:type" content="article" />
<meta property="og:title" content="Cene i načini plaćanja - Active Luxe Cosmetics" />
<meta property="og:url" content="https://activeluxe-cosmetics.com/rs/cijene-i-nacini-placanja/" />
<meta property="og:site_name" content="Active Luxe Cosmetics" />
<meta property="article:modified_time" content="2024-02-13T12:24:53+00:00" />
<meta name="twitter:card" content="summary_large_image" />
<script type="application/ld+json" class="yoast-schema-graph">{"@context":"https://schema.org","@graph":[{"@type":"WebPage","@id":"https://activeluxe-cosmetics.com/rs/cijene-i-nacini-placanja/","url":"https://activeluxe-cosmetics.com/rs/cijene-i-nacini-placanja/","name":"Cene i načini plaćanja - Active Luxe Cosmetics","isPartOf":{"@id":"https://activeluxe-cosmetics.com/rs/#website"},"datePublished":"2024-01-29T12:43:41+00:00","dateModified":"2024-02-13T12:24:53+00:00","breadcrumb":{"@id":"https://activeluxe-cosmetics.com/rs/cijene-i-nacini-placanja/#breadcrumb"},"inLanguage":"hr","potentialAction":[{"@type":"ReadAction","target":["https://activeluxe-cosmetics.com/rs/cijene-i-nacini-placanja/"]}]},{"@type":"BreadcrumbList","@id":"https://activeluxe-cosmetics.com/rs/cijene-i-nacini-placanja/#breadcrumb","itemListElement":[{"@type":"ListItem","position":1,"name":"Naslovnica","item":"https://activeluxe-cosmetics.com/rs/"},{"@type":"ListItem","position":2,"name":"Cene i načini plaćanja"}]},{"@type":"WebSite","@id":"https://activeluxe-cosmetics.com/rs/#website","url":"https://activeluxe-cosmetics.com/rs/","name":"Active Luxe Cosmetics","description":"","potentialAction":[{"@type":"SearchAction","target":{"@type":"EntryPoint","urlTemplate":"https://activeluxe-cosmetics.com/rs/?s={search_term_string}"},"query-input":{"@type":"PropertyValueSpecification","valueRequired":true,"valueName":"search_term_string"}}],"inLanguage":"hr"}]}</script>
<!-- / Yoast SEO plugin. -->

Cene i načini plaćanja - Active Luxe Cosmetics
